lculate the remainder when 535 is divided by 109.
99
What is the remainder when 1196 is divided by 237?
11
What is the remainder when 91 is divided by 24?
19
What is the remainder when 730 is divided by 32?
26
Calculate the remainder when 68 is divided by 9.
5
What is the remainder when 430 is divided by 109?
103
What is the remainder when 102 is divided by 13?
11
What is the remainder when 2733 is divided by 8?
5
Calculate the remainder when 1890 is divided by 384.
354
What is the remainder when 1798 is divided by 120?
118
Calculate the remainder when 6850 is divided by 380.
10
Calculate the remainder when 72 is divided by 18.
0
What is the remainder when 138 is divided by 67?
4
What is the remainder when 5120 is divided by 9?
8
Calculate the remainder when 61 is divided by 40.
21
What is the remainder when 76 is divided by 18?
4
Calculate the remainder when 43 is divided by 29.
14
Calculate the remainder when 47 is divided by 5.
2
What is the remainder when 588 is divided by 57?
18
Calculate the remainder when 1285 is divided by 92.
89
What is the remainder when 3925 is divided by 167?
84
What is the remainder when 6082 is divided by 3041?
0
What is the remainder when 564 is divided by 71?
67
Calculate the remainder when 1676 is divided by 15.
11
Calculate the remainder when 196 is divided by 66.
64
What is the remainder when 1471 is divided by 104?
15
What is the remainder when 271 is divided by 55?
51
Calculate the remainder when 28593 is divided by 29.
28
Calculate the remainder when 23 is divided by 4.
3
What is the remainder when 266 is divided by 27?
23
What is the remainder when 8207 is divided by 52?
43
What is the remainder when 9515 is divided by 56?
51
Calculate the remainder when 207 is divided by 65.
12
What is the remainder when 591 is divided by 121?
107
What is the remainder when 473 is divided by 68?
65
Calculate the remainder when 900 is divided by 446.
8
What is the remainder when 364 is divided by 99?
67
What is the remainder when 6473 is divided by 175?
173
Calculate the remainder when 208 is divided by 37.
23
What is the remainder when 542 is divided by 42?
38
What is the remainder when 729 is divided by 181?
5
Calculate the remainder when 2446 is divided by 144.
142
What is the remainder when 273 is divided by 56?
49
What is the remainder when 157 is divided by 35?
17
Calculate the remainder when 8635 is divided by 135.
130
What is the remainder when 540 is divided by 78?
72
Calculate the remainder when 320 is divided by 17.
14
Calculate the remainder when 34 is divided by 29.
5
Calculate the remainder when 70 is divided by 23.
1
Calculate the remainder when 323 is divided by 24.
11
Calculate the remainder when 568 is divided by 185.
13
What is the remainder when 402 is divided by 3?
0
Calculate the remainder when 416 is divided by 42.
38
Calculate the remainder when 18141 is divided by 84.
81
Calculate the remainder when 7988 is divided by 85.
83
What is the remainder when 606 is divided by 74?
14
What is the remainder when 180 is divided by 26?
24
What is the remainder when 1558 is divided by 40?
38
What is the remainder when 875 is divided by 413?
49
What is the remainder when 325 is divided by 43?
24
Calculate the remainder when 4637 is divided by 82.
45
What is the remainder when 549 is divided by 20?
9
Calculate the remainder when 39 is divided by 10.
9
What is the remainder when 193 is divided by 30?
13
Calculate the remainder when 135 is divided by 4.
3
What is the remainder when 878 is divided by 40?
38
What is the remainder when 8 is divided by 8?
0
Calculate the remainder when 1528 is divided by 85.
83
Calculate the remainder when 118 is divided by 41.
36
What is the remainder when 284 is divided by 132?
20
What is the remainder when 14 is divided by 6?
2
Calculate the remainder when 3050 is divided by 36.
26
What is the remainder when 294 is divided by 33?
30
Calculate the remainder when 632 is divided by 9.
2
Calculate the remainder when 94 is divided by 7.
3
Calculate the remainder when 370 is divided by 5.
0
What is the remainder when 334 is divided by 13?
9
What is the remainder when 588 is divided by 40?
28
What is the remainder when 260 is divided by 64?
4
What is the remainder when 1154 is divided by 330?
164
What is the remainder when 254 is divided by 143?
111
What is the remainder when 758 is divided by 37?
18
What is the remainder when 456 is divided by 20?
16
Calculate the remainder when 1635 is divided by 14.
11
What is the remainder when 349 is divided by 70?
69
What is the remainder when 169 is divided by 16?
9
What is the remainder when 31 is divided by 30?
1
Calculate the remainder when 205 is divided by 38.
15
Calculate the remainder when 1260 is divided by 627.
6
Calculate the remainder when 1833 is divided by 68.
65
Calculate the remainder when 4030 is divided by 84.
82
Calculate the remainder when 965 is divided by 57.
53
What is the remainder when 2053 is divided by 90?
73
Calculate the remainder when 497 is divided by 34.
21
Calculate the remainder when 388 is divided by 78.
76
Calculate the remainder when 50 is divided by 17.
16
What is the remainder when 4911 is divided by 54?
51
Calculate the remainder when 28 is divided by 16.
12
What is the remainder when 99 is divided by 29?
12
Calculate the remainder when 1509 is divided by 72.
69
Calculate the remainder when 213 is divided by 25.
13
What is the remainder when 2648 is divided by 51?
47
What is the remainder when 933 is divided by 26?
23
Calculate the remainder when 3103 is divided by 13.
9
Calculate the remainder when 259 is divided by 9.
7
Calculate the remainder when 620 is divided by 40.
20
Calculate the remainder when 50 is divided by 13.
11
What is the remainder when 4332 is divided by 255?
252
Calculate the remainder when 7448 is divided by 162.
158
Calculate the remainder when 192 is divided by 46.
8
Calculate the remainder when 147 is divided by 40.
27
What is the remainder when 88 is divided by 27?
7
Calculate the remainder when 939 is divided by 91.
29
What is the remainder when 1714 is divided by 22?
20
What is the remainder when 241 is divided by 62?
55
What is the remainder when 97 is divided by 17?
12
What is the remainder when 229 is divided by 8?
5
What is the remainder when 136 is divided by 43?
7
Calculate the remainder when 4710 is divided by 363.
354
Calculate the remainder when 1146 is divided by 28.
26
What is the remainder when 755 is divided by 127?
120
Calculate the remainder when 2842 is divided by 84.
70
Calculate the remainder when 1696 is divided by 131.
124
Calculate the remainder when 401 is divided by 114.
59
What is the remainder when 362 is divided by 213?
149
What is the remainder when 6387 is divided by 3191?
5
What is the remainder when 319 is divided by 23?
20
Calculate the remainder when 3022 is divided by 66.
52
What is the remainder when 80 is divided by 27?
26
What is the remainder when 6459 is divided by 9?
6
Calculate the remainder when 269 is divided by 12.
5
Calculate the remainder when 122 is divided by 41.
40
Calculate the remainder when 672 is divided by 15.
12
Calculate the remainder when 559 is divided by 130.
39
What is the remainder when 164 is divided by 86?
78
Calculate the remainder when 25 is divided by 4.
1
Calculate the remainder when 138 is divided by 35.
33
What is the remainder when 42 is divided by 23?
19
What is the remainder when 30 is divided by 6?
0
What is the remainder when 522 is divided by 106?
98
Calculate the remainder when 358 is divided by 44.
6
Calculate the remainder when 68 is divided by 14.
12
What is the remainder when 4773 is divided by 341?
340
What is the remainder when 366 is divided by 13?
2
Calculate the remainder when 280 is divided by 29.
19
Calculate the remainder when 887 is divided by 25.
12
Calculate the remainder when 6831 is divided by 129.
123
Calculate the remainder when 78 is divided by 16.
14
What is the remainder when 3175 is divided by 53?
48
What is the remainder when 177 is divided by 23?
16
What is the remainder when 49 is divided by 30?
19
What is the remainder when 40 is divided by 3?
1
What is the remainder when 161 is divided by 82?
79
Calculate the remainder when 1229 is divided by 123.
122
What is the remainder when